at is 0 + -24?
-24
In base 6, what is -1112 - -10?
-1102
In base 3, what is 1121 - -21?
1212
In base 16, what is -5 + 1e5?
1e0
In base 12, what is 3 - 20?
-19
In base 14, what is d + 15?
24
In base 3, what is 10 + 2102?
2112
In base 12, what is -3ab + -4?
-3b3
In base 15, what is -1a + -45?
-60
In base 9, what is -5 + -3?
-8
In base 6, what is -55 + -13?
-112
In base 6, what is -14 + 33?
15
In base 9, what is 151 - 22?
128
In base 11, what is 6 - 25?
-1a
In base 6, what is 50 + 32?
122
In base 4, what is 2 + 200220?
200222
In base 5, what is -2300 - -111?
-2134
In base 12, what is 8 + 9?
15
In base 2, what is 1000 + 1101?
10101
In base 6, what is 411 + 55?
510
In base 6, what is 101 + -1?
100
In base 16, what is 85 - 35?
50
In base 16, what is 16 + 13?
29
In base 8, what is 223 - -7?
232
In base 4, what is -22331 + -10?
-23001
In base 15, what is -6 - 1421?
-1427
In base 15, what is 1c - -6?
23
In base 11, what is -8 + -2?
-a
In base 11, what is 22 - -3?
25
In base 9, what is 3037 - 1?
3036
In base 13, what is 9 + -1?
8
In base 12, what is 0 + 744?
744
In base 9, what is 3 + 26?
30
In base 15, what is 1a7b + -5?
1a76
In base 4, what is 122 - 11?
111
In base 4, what is -2302 + -1?
-2303
In base 9, what is -186 - -2?
-184
In base 16, what is 1 - 59?
-58
In base 7, what is -10 - 6?
-16
In base 9, what is -2 - -2668?
2666
In base 13, what is -4a69 + -2?
-4a6b
In base 8, what is -117 - 3?
-122
In base 14, what is -2 + -192?
-194
In base 4, what is -11 - 13?
-30
In base 6, what is -10 - 15542?
-15552
In base 12, what is -1b - -3a?
1b
In base 5, what is 1 + 1041?
1042
In base 8, what is 2711 + 4?
2715
In base 12, what is -11a6 - 4?
-11aa
In base 14, what is -23 + 19?
-8
In base 15, what is -103e + 8?
-1036
In base 6, what is -1150 + 3?
-1143
In base 11, what is -14 - -15?
1
In base 13, what is -1606 - -3?
-1603
In base 13, what is 99 + -4?
95
In base 10, what is -453 + 0?
-453
In base 12, what is -25 - 0?
-25
In base 14, what is -16 + 50?
38
In base 14, what is -2759 - -4?
-2755
In base 3, what is 201022 - -12?
201111
In base 16, what is 13 - -152?
165
In base 4, what is 332 + 12?
1010
In base 10, what is 14 - 7?
7
In base 8, what is -2 + 4?
2
In base 11, what is 2371 + 4?
2375
In base 4, what is -131 + -3?
-200
In base 9, what is -1 - 1615?
-1616
In base 5, what is -2 - 10421?
-10423
In base 10, what is -12 - 2695?
-2707
In base 14, what is 58 - -a0?
118
In base 6, what is 244 - 1?
243
In base 7, what is 34 - -256?
323
In base 8, what is 0 - -14?
14
In base 14, what is 1c96 - 3?
1c93
In base 6, what is 120 - -5?
125
In base 3, what is -122 + -111?
-1010
In base 15, what is d71 + -1?
d70
In base 14, what is -94 + -6?
-9a
In base 3, what is 12 + 201?
220
In base 15, what is 4 + -385?
-381
In base 8, what is -37 + 12?
-25
In base 14, what is 81 - 5?
7a
In base 10, what is 56 - 4?
52
In base 10, what is 67 - 0?
67
In base 11, what is 3 - -29?
31
In base 13, what is -78 + 6?
-72
In base 3, what is 101 + -20020?
-12212
In base 15, what is -b - -21?
15
In base 7, what is -10 - 14?
-24
In base 5, what is 20010 - -4?
20014
In base 14, what is -2 + 142?
140
In base 6, what is -3 + -23?
-30
In base 8, what is 577 - 15?
562
In base 10, what is -3 - -37?
34
In base 13, what is 4 - -3c3?
3c7
In base 7, what is -15240 + -4?
-15244
In base 5, what is 1231 - 11?
1220
In base 5, what is -10340 - 3?
-10343
In base 6, what is 12 + 1041?
1053
In base 3, what is -2 + -12212?
-12221
In base 15, what is 5 - 89?
-84
In base 2, what is 11 - 111011?
-111000
In base 6, what is -3 - -240?
233
In base 12, what is -2870 - 0?
-2870
In base 3, what is 2111 - 2220?
-102
In base 11, what is -10 + 21?
11
In base 2, what is 10 - -1110110?
1111000
In base 9, what is -7 - -12?
4
In base 3, what is -200012 + 11?
-200001
In base 4, what is 112 + -2330?
-2212
In base 4, what is -13 + 211?
132
In base 5, what is 13002 - 4?
12443
In base 4, what is -11 + 2012?
2001
In base 12, what is 4 - 17?
-13
In base 9, what is -12 - 17?
-30
In base 7, what is 4424 - -4?
4431
In base 9, what is -185 + -2?
-187
In base 8, what is -70672 + 0?
-70672
In base 7, what is -3 - -1443?
1440
In base 12, what is -180 - -18?
-164
In base 7, what is 4 + -36?
-32
In base 16, what is 14f - -1?
150
In base 11, what is 2405 + 2?
2407
In base 16, what is 0 + -2a7?
-2a7
In base 12, what is -2 + -47?
-49
In base 7, what is 34 + 15?
52
In base 3, what is 1 - -1212101?
1212102
In base 13, what is 558 + -5?
553
In base 2, what is -110 - -10011?
1101
In base 10, what is -137 - -5?
-132
In base 12, what is 5539 + 2?
553b
In base 12, what is -147 + 26?
-121
In base 15, what is 1ce + 4?
1d3
In base 10, what is 826 + -5?
821
In base 5, what is -4 + -10420?
-10424
In base 9, what is 3 + -650?
-646
In base 7, what is 5 + -121?
-113
In base 7, what is 1 - 6104?
-6103
In base 10, what is 1 - 70?
-69
In base 9, what is -104 - -2?
-102
In base 11, what is 62 - -12?
74
In base 12, what is a - 58?
-4a
In base 12, what is -4 + 262?
25a
In base 8, what is 0 - -2022?
2022
In base 8, what is -233 - 4?
-237
In base 2, what is 101110000110 - 0?
101110000110
In base 13, what is 152 - 6?
149
In base 8, what is -3 - 1?
-4
In base 14, what is -aa - -9?
-a1
In base 13, what is b + -8c?
-81
In base 11, what is 193 - -1?
194
In base 16, what is 5 - -70?
75
In base 16, what is -10 - 3?
-13
In base 14, what is 1d + 28?
47
In base 9, what is -4 - 106?
-111
In base 7, what is 0 + -1100?
-1100
In base 14, what is 2 - 91?
-8d
In base 2, what is -1100010000 - 1010?
-1100011010
In base 2, what is -10000 + -10011?
-100011
In base 4, what is -1 + -132?
-133
In base 9, what is -885 + -1?
-886
In base 12, what is -3 + -b?
-12
In base 8, what is 3 - 4547?
-4544
In base 5, what is 1234 + -10?
1224
In base 3, what is 1 + -1121?
-1120
In base 3, what is 0 + 1000?
1000
In base 12, what is -136 - 7?
-141
In base 11, what is -459 + 1?
-458
In base 2, what is 1100110010 + 10?
1100110100
In base 14, what is 8 - -c?
16
In base 14, what is -502 + 0?
-502
In base 6, what is 1443 + 1?
1444
In base 14, what is 127 - 0?
127
In base 15, what is -3 + 405?
402
In base 15, what is -4 + ce3?
cde
In base 5, what is -10 + 1114?
1104
In base 11, what is 0 + -680?
-680
In base 12, what is -4 - -1160?
1158
In base 9, what is 5818 - -2?
5821
In base 9, what is -224 + -2?
-226
In base 15, what is -716b + 3?
-7168
In base 5, what is -2 - -144?
142
In base 14, what is -5 - 7cc?
-7d3
In base 8, what is 6 + -64?
-56
In base 15, what is -1a + -6?
-21
In base 5, what is 4 + 3?
12
In base 6, what is -2 + -3234?
-3240
In base 16, what is -578 + 5?
-573
In base 15, what is d0 - -3?
d3
In base 7, what is 160 - 36?
121
In base 5, what is 11 + 1222?
1233
In base 12, what is -34 - 10?
-44
In base 6, what is 3410 - 1?
3405
In base 13, what is 135 + -4?
131
In base 2, what is 111 + -1010101?
-1001110
In base 5, what is -10 + -10?
-20
In base 7, what is 12562 - 2?
12560
In base 5, what is 0 + -2300?
-2300
In base 16, what is -8 - -1a0?
198
In base 16, what is -2 - 3?
-5
In base 2, what is 1110101011 + -101?
1110100110
In base 7, what is 3 + 14?
20
In base 15, what is -c3 + -1?
-c4
In base 4, what is -1011 - 1?
-1012
In base 11, what is 5 - -328?
332
In base 8, what is -3443 + 1?
-3442
In base 15, what is 26 - 7?
1e
In base 12, what is 2122 + -4?
211a
In base 12, what is 5 - -349?
352
In base 10, what is 4741 - 5?
4736
In base 6, what is 1 - -41?
42
In base 16, what is 3 + 16?
19
In base 10, what is 5 + 5?
10
In base 2, what is 11010011110 + -1001?
11010010101
In base 2, what is 11101001010 + 110?
11101010000
In base 6, what is 45 - 1?
44
In base 6, what is -12054 + 3?
-12051
In base 10, what is 73 - 7?
66
In base 2, what is 110000 - -101?
110101
In base 9, what is -3 - 80?
-83
In base 11, what is 2 - a?
-8
In base 7, what is -353 - 16?
-402
In base 11, what is 5 - -18?
22
In base 3, what is 212122 + 202?
220101
In base 5, what is -31 - -2?
-24
In base 4, what is 100 + 2213?
2313
In base 11, what is -48 + 4?
-44
In base 5, what is -312 - 0?
-312
In base 15, what is -2 - -19c?
19a
In base 10, what is 1097 + 0?
1097
In base 13, what is 1a - -1a?
37
In base 16, what is -c5 - -1?
-c4
In base 9, what is -150 + 5?
-144
In base 3, what is -1 - -212?
211
In base 14, what is -8b + 12?
-79
In base 13, what is -1